 8. Let l be a(-6). Suppose -l - o = -x. Is x prime?
False
Let b(l) = 3*l**3 - 8*l**2 + 7*l + 17. Suppose -32 = 64*p - 68*p. Is b(p) composite?
False
Let s be (-72)/27*3/(-2). Suppose s*g = 5*k - 4823, -4*k + k - 2*g + 2907 = 0. Is k prime?
True
Let l(v) = v**3 + v**2 - v + 24. Let j be l(0). Suppose -47 + j = -w. Is w a prime number?
True
Suppose -7*s = -12 - 16. Suppose -4*o + j = -3414, s = -0*j - 2*j. Is o a composite number?
False
Suppose -5*k + 1831 = -6624. Is k prime?
False
Suppose -5796 = -6*u + 8778. Is u composite?
True
Suppose 8*z + 1324 = -204. Let r = z - -396. Is r composite?
True
Let i(y) = -17*y**3 + 12*y**2 + 26*y + 52. Is i(-7) prime?
False
Let x(p) = -5*p**3 - 5*p**2 + 2*p + 4. Let s be x(3). Let i = 503 - s. Is i a composite number?
False
Let h(l) = 6240*l - 38. Is h(3) a prime number?
False
Let x(a) = 2*a + 1. Suppose -6 = 2*u - 7*w + 2*w, -3*w = -5*u + 4. Let d be x(u). Suppose -d*g + 248 = -47. Is g composite?
False
Suppose -9*x + 4*x = -170615. Is x composite?
False
Let c = 4 - -3. Let l(v) = -200*v - 22 - 143*v + 376*v. Is l(c) a prime number?
False
Suppose -4*o = 2*u - 14, 5*o + 2*u = 29 - 11. Suppose d = -q - 4 + 12, -o*q + d = -7. Suppose -q*z - 2*z = -830. Is z composite?
True
Is (-3 + 9)/(-6) - -3 - -6987 a composite number?
True
Let w be ((-4)/(-3))/((-4)/(-12)). Suppose 5*q = w*q. Suppose -7*i + 8*i - 87 = q. Is i prime?
False
Suppose 0*j + 9*j + 18 = 0. Is ((-7 - -9)*1)/(j/(-371)) composite?
True
Let m(b) be the second derivative of b**5/20 + 11*b**4/12 - 5*b**3/2 - 15*b**2/2 + 21*b. Is m(-10) composite?
True
Let w(d) = -2*d**3 + 12*d**2 + 25*d + 17. Is w(-14) a prime number?
True
Suppose -2*a + 100 = 16. Is (-3 + -6 - -4) + a a composite number?
False
Let p = 11 + -9. Suppose -5*v + 55 = -4*s, p*s = -4*v - s + 75. Suppose 0 = 3*b + v, -2*b + 0*b = 3*u - 767. Is u prime?
False
Let c(u) = -2*u - 18. Let i be c(-11). Suppose -4*q - i*q + 3728 = 0. Is q composite?
True
Suppose -151*z = -146*z - 2810. Let i = z - -119. Is i a prime number?
False
Let g = -3070 + 6027. Is g a prime number?
True
Let o(r) be the first derivative of 3*r**4/4 + 2*r**3/3 - r - 3. Is o(2) composite?
False
Let s be (-5468)/(-2) - (4 + -3). Suppose s = 5*d + 2*b, 2*b = -2*d + 7*b + 1070. Suppose 8*j = 3*j + d. Is j a composite number?
False
Let k = -9 + 9. Suppose k = q + v - 272, 2 = 5*v - 6*v. Is q prime?
False
Is (-14)/8 - 113516/(-16) composite?
True
Let z(i) = -i**2 + 31*i - 25. Let t(h) = -h**2 + 15*h - 13. Let w be t(13). Is z(w) a prime number?
False
Suppose -68567 = -5*x + 4*t, 0 = 4*x - 2*x - 3*t - 27431. Is x a composite number?
False
Let r(u) be the first derivative of u**2/2 + 16*u + 6. Let x be r(-13). Suppose -x*w - n + 261 = 66, 0 = 2*n. Is w composite?
True
Suppose -5*v = -2*x - 13163, -4*v - v + 13169 = 4*x. Suppose 2*y + v = 3*p, 4*p - 2*p - 1750 = -4*y. Is p a composite number?
False
Suppose -87*k + 8*k + 360319 = 0. Is k prime?
True
Suppose -97 = 4*k - 133. Let a(f) = 3*f**3 - 9*f**2 - 9*f + 22. Is a(k) a prime number?
True
Let m(y) = 2*y + y**2 + 2 - 2. Let d be m(-3). Let r = 80 + d. Is r a composite number?
False
Suppose 0 = 10*n - 15*n - 115. Let k = 34 - n. Is k prime?
False
Let l = 12 - 16. Let o be (-2393)/l - 2/8. Is (-2)/4 + o/4 composite?
False
Let t = 1020 - 657. Suppose 16*f + t = 19*f. Is f composite?
True
Let i(m) = m**2 - 3*m - 7. Let h be 8/14 + 62/14. Let a be i(h). Suppose a*s = -0*s + 21. Is s a composite number?
False
Let d = 33 - 31. Suppose 0 = -d*h + 10, 808 = 5*o - 3*o - 2*h. Is o a composite number?
False
Let o = 13629 - 3758. Is o a composite number?
False
Suppose -18 + 6 = -2*o + 2*c, -o + 2*c = -10. Let h(j) = -134*j**2 + 2. Let f(s) = 402*s**2 - 5. Let q(k) = 3*f(k) + 8*h(k). Is q(o) prime?
False
Let l(r) be the third derivative of -r**6/60 - r**5/20 - r**4/6 - r**3/2 - r**2. Let f be 27/(-18)*8/3. Is l(f) a prime number?
False
Let d be (-60 - 2/2)*-3. Suppose 0*g - 336 = -2*i - 2*g, 0 = -i - 4*g + d. Is i a composite number?
False
Let t = -6 + 6. Suppose w + t - 13 = 0. Is w a prime number?
True
Suppose 37*c - 77676 = 33*c. Is c a composite number?
True
Let p(s) = s**3 - s**2 - 7*s - 7. Let m be (3/9)/((-6)/(-108)). Let t be p(m). Suppose c - 242 = t. Is c composite?
False
Suppose 2*j - 8666 = -x - x, 5*j - 12991 = -3*x. Is x a prime number?
True
Let p = 10 - 10. Suppose 3*q + 127 = -5*j, p*j = q + 2*j + 44. Let y = q + 57. Is y a composite number?
False
Let w(b) = 265*b**2 + 2*b + 152. Is w(9) a prime number?
False
Suppose 18*u = 12*u + 48. Suppose -435 = -2*v - 4*n + 295, -2*n - u = 0. Is v composite?
False
Suppose 4*n + 16 = p, -2*n - p = -1 + 3. Let b be 3/(-3*(-4 - n)). Is 2 + 168 + (-2 - b) a composite number?
False
Let c = 3200 - -20715. Is c prime?
False
Suppose 710 = 10*q - 22500. Is q composite?
True
Suppose -5*p = -5, -p + 3*p - 166 = -2*j. Suppose 5*k = 78 + j. Suppose -c + 5 = -k. Is c composite?
False
Let j = 0 - -5. Suppose -3*r + 4*h + 279 = 0, j*h + 0*h = -3*r + 279. Suppose -2*q - r = -5*q. Is q a composite number?
False
Let l(z) = 13*z**3 + 4*z**2 + 3*z + 11. Let d(u) = 3*u - 32. Let j be d(12). Is l(j) composite?
False
Suppose 0 = 2*n - 6*n + 96. Suppose y = 5*g + 65, -5*g = -4 + n. Is ((-30)/y)/(2/(-39)) a composite number?
False
Let r = 34 + -35. Is (-1 - (2 + 0) - 784)*r prime?
True
Is (76/(-14) - -5)*-2149 prime?
False
Suppose -18043 = -26*u - 4497. Is u prime?
True
Suppose 4*s = -5*m + 3330, -s - 286 = -2*m + 1033. Suppose 0 = -b - b + m. Is b composite?
False
Let v(q) = -5*q**3 + 3*q**2 + 2*q + 1. Suppose 9*j + 12 = 5*j. Is v(j) composite?
False
Let k be 18/10 + 4/(-5). Is (-1)/((-4)/(2972/k)) composite?
False
Let c be (-1)/(-5) + (-261)/(-145). Suppose 2*w - 3*w + 228 = 0. Suppose -l = -3*h + 163, -c*l = -4*h + 2*l + w. Is h prime?
True
Let r = 368 + 1167. Is r composite?
True
Let v(k) = -4*k**2 - k + 1. Let b be v(-2). Let h = -8 - b. Suppose h*n - 57 = -3*q, 5*q - n = 51 + 44. Is q prime?
True
Is (86104/6 + 31/93)/1 prime?
False
Let b = -3323 - -6916. Is b a prime number?
True
Let x(d) = 12153*d**2 - 3*d + 2. Let m be x(2). Is m/70 + 3/5 composite?
True
Let i(j) = 51*j + 161*j + 11 + 53*j + 5. Let s(x) = -88*x - 5. Let m(a) = -6*i(a) - 17*s(a). Is m(-6) a composite number?
True
Let j be (-1)/(-1) + -1 - -1427. Let r = j + -399. Suppose -4*x - x + r = 3*z, -z + 1026 = 5*x. Is x a composite number?
True
Suppose 345*p + 21363 = 348*p. Is p a composite number?
False
Let l(r) = 728*r - 69. Is l(8) a composite number?
True
Let c = -11 - -21. Let o = 14 - c. Suppose o*p + 306 = 5*g - 693, 3*p + 401 = 2*g. Is g a composite number?
False
Let q = 108 + 25. Let r be (-12)/(-5) - (-4)/(-10). Suppose -v = -r*v + q. Is v composite?
True
Let l be (0 - -2)*(4 + -1 + -2). Suppose 4*t = l*j + 6960, -6*t = -3*t + 5*j - 5207. Is t composite?
True
Suppose -13*n = -21*n + 80888. Is n prime?
True
Suppose -41*q + 40*q = -8605. Is q a composite number?
True
Let r be 1 + (-15)/(-6) - 6/12. Suppose -7162 = r*j - 5*j. Is j a composite number?
False
Let h(j) be the third derivative of j**4/8 - j**3/6 + 5*j**2. Let i be h(1). Is -23*(-1 + 0/i) a composite number?
False
Let p(h) = -4*h**2 + 7. Let d be p(-5). Let u = d - -133. Let a = -2 + u. Is a a composite number?
True
Let u(k) = -k**2 + 5*k + 5. Let z be u(5). Suppose -w - 5 = z*p + 35, -p = 3*w - 6. Is 595/8 - p/(-24) a prime number?
False
Let c(a) = -3*a**3 + 5*a**2 - 11*a + 11. Let b(f) = -4*f**3 + 5*f**2 - 11*f + 12. Let j(p) = 2*b(p) - 3*c(p). Is j(8) prime?
True
Suppose 30*c - 23926 = 16*c. Is c a composite number?
False
Suppose 4*m - v = -45, 4 = 4*v - 0. Let p(o) = -o**3 - 6*o**2 - 2*o + 8. Is p(m) composite?
True
Suppose -14*a + 28529 = f - 12*a, -3*f + 85603 = 2*a. Is f a composite number?
False
Let v(x) = x**3 - 3*x**2 + 5*x + 3. Suppose o - 2*o = -7. Let g be v(o). Suppose 0*y = -4*n - y + 186, 2*y - g = -5*n. Is n a prime number?
False
Let n be (4*3)/((-3)/(-2)). Suppose d - 738 = -5*k - 3*d, -4*d + n = 0. Suppose 3*b + 5*r - k = 0, -2*b + 52 = -b + r. Is b composite?
True
Let h be 185/40*-6*-4. Suppose -s = -4*s + h. Is s a composite number?
False
Let n = -88 + 88. Suppose n = -4*j + 4*d + 4184, 4*j + 10*d - 7*d - 4163 = 0. Is j a composite number?
True
Suppose 65868 = 18*x - 2946. Is x a composite number?
False
Let u =